4
Let l(w) = 4*w**2 - 59*w**2 + 160534 - 160535. Calculate l(-1).
-56
Let j(g) = 2*g**3 + g**2 + 2*g - 6. Let v be j(2). Let l(y) = 6*y**2 - 9*y + 19. Let i(h) = -h**2 + h - 2. Let x(t) = v*i(t) + 2*l(t). Calculate x(1).
-4
Let q(x) = -3*x - 2. Let o(h) = -22*h**2 + 2*h - 1. Let s be o(1). Suppose 4*y - 121 = -y + i, 4*y - 93 = -3*i. Let k = s + y. Calculate q(k).
-11
Let k(p) = -18*p**2 - 2*p - 1. Suppose 649*i = 676*i + 27. What is k(i)?
-17
Let s(n) = n**3 - 24*n**2 + 46*n - 41. Let i be 6/(16/((-352)/(-6))). Determine s(i).
3
Let a = 39 - 27. Let t(z) = 5 - 2*z + 9*z - 10*z - a*z. Let k(u) = -8*u + 3. Let d(o) = 5*k(o) - 3*t(o). Calculate d(-4).
-20
Suppose 0 = 6*k - 781 + 667. Let t be 12/(-21)*(-1 + k/(-2)). Let z(y) = -y**2 + 9*y - 9. What is z(t)?
9
Let f(l) be the second derivative of -1/12*l**4 + 36*l - 7/3*l**3 + 0 - 5/2*l**2. Calculate f(-13).
8
Let p(l) = l**3 - 8*l**2 - 10*l + 4. Let k = 339 + -236. Suppose -k = -4*o + 9. Suppose 0 = 5*z + 3*v - 2 - o, 0 = -4*z + 4*v + 56. Calculate p(z).
-5
Let w(k) = -2*k - 3 + 2 + 0 + 6*k. Let u be ((-40)/(-70))/((-9)/(-63)). Give w(u).
15
Let p(j) be the second derivative of j**5/20 + 5*j**4/12 - 5*j**3/6 - 5*j**2/2 - 158*j - 1. Calculate p(-6).
-11
Let v(z) = 2*z**3 + 2*z**2 - 7*z - 7. Suppose -82 - 98 = 83*o + 235. What is v(o)?
-172
Let h(j) = j**2 + j - 11. Let z = -340 - -340. Let k be z/(20*(-4)/(-32)*2). What is h(k)?
-11
Suppose 5*w - 35 + 0 = 0. Let c(l) = 7 + l**3 - 309*l + 316*l + 12*l**2 - 20*l**2. Calculate c(w).
7
Let x = -30 - -25. Let p(v) = -4*v**2 - 194*v + 5. Let g(d) = -7*d**2 - 324*d + 11. Let s(k) = 3*g(k) - 5*p(k). What is s(x)?
-7
Let z(t) = -253*t + 220. Let k(q) = -40*q + 35. Let w(a) = -44*k(a) + 7*z(a). Let m = -5 - -6. Calculate w(m).
-11
Let w(a) = a - 3. Suppose -2 - 262 = 11*o. Let p be (0 - 9)/(3/10). Let h = o - p. Determine w(h).
3
Let o(n) = -1. Let p(c) = c**2 + 6*c + 6. Let l be p(-7). Let r = l - 10. Let q(f) = -7*f + 5. Let w(g) = r*o(g) + q(g). Determine w(-2).
16
Let k(a) = 114*a - 5124. Let p be k(45). Let f be 12/42*1*7. Let h(n) = 0*n**f - 2*n + n**2 - 3*n - 8 + n. What is h(p)?
4
Let y(d) be the second derivative of -2/3*d**3 - d - 1/2*d**2 - 1/12*d**4 + 94. What is y(-2)?
3
Let h(o) = -o**3 + o + 28. Suppose -5*v = -12*v + 266. Let m = v + -38. What is h(m)?
28
Let t(r) = 4*r**3 - 9*r - 5*r**3 - 11*r**2 + 7 + 0*r**3. Suppose 2*v - 467*m + 445*m = -108, 5*v + 58 = 2*m. Determine t(v).
-3
Let l(f) = f**3 - 4*f**2 + 2*f - 4. Let s = -37 + 32. Let m(n) = -n - 3. Let i be m(s). Suppose 4*u - 5*u + 10 = -i*k, 0 = -3*u - 2*k + 6. Give l(u).
4
Let p(i) = i**3 + 8*i**2 + 5*i + 27. Let d be p(-8). Let c(n) = n + 21. Determine c(d).
8
Suppose 3*h + 2 = -h - 5*y, -4*h - 2*y + 4 = 0. Suppose -2*b = -4 - h. Let p(n) be the second derivative of -n**3/3 + 2*n**2 + 58*n. Determine p(b).
-2
Let d(m) = -2*m + 5. Let s be d(5). Let y(f) be the third derivative of f**4/24 - f**3/6 - 237*f**2. Determine y(s).
-6
Let z(c) be the second derivative of 3*c**5/20 - 10*c**4/3 + 7*c**3/3 - 4*c**2 + 783*c. Calculate z(13).
5
Let c = 5104 - 5109. Let a(w) = 6*w - 10. Let y(m) = 7*m - 11. Let l(p) = 5*a(p) - 4*y(p). Calculate l(c).
-16
Let o = -2941 + 2914. Let l(z) = -z**3 - 27*z**2 - 2*z - 52. Give l(o).
2
Let u(h) be the first derivative of h**4/4 - 2*h**3 - h**2 - 7*h - 6. Let i = 20 + -15. Suppose i = 2*w - 7. Give u(w).
-19
Let a(w) = 42 - 106*w + 17 + 103*w - 37. Calculate a(8).
-2
Let z(d) = -d**2 - 9*d - 6. Suppose -4*s + 24 = 0, 4*w + 4*s = 2143 - 2135. Determine z(w).
14
Let y = 1894 - 1885. Let h(c) = c**3 - 9*c**2 - 2*c + 20. Calculate h(y).
2
Let h(u) = u + 433*u**2 - 5*u**3 - 1 + 4*u - 4 - 435*u**2 + 2*u**3. Calculate h(2).
-27
Let v(n) = n**2 + 3*n - 1. Let z = -71 + 25. Let a = 54 + z. Suppose -a*b + 3*b = 15. Give v(b).
-1
Suppose 0 = -8*z + 3*z + 15. Suppose 0 = -z*k - 3*j + 27, -4*k + 30 = j - 0*j. Let b(q) = -q**2 + 6*q + 29*q**2 - 48*q**2 + 6 + 19*q**2. Calculate b(k).
-1
Suppose 108 = -20*i + 26*i. Suppose 4*v - i = v. Let q(p) = -p**3 + 7*p**2 - 6*p + 2. Give q(v).
2
Let o be (-65 - -60)*(-12)/2. Suppose 45*j - o = 60*j. Let w(p) = 3*p - 3. Calculate w(j).
-9
Suppose 0 = 6*v - 37 + 1. Let g(l) = -v*l + 4*l + 10 + 8. Determine g(12).
-6
Let w(k) = -k**2 + 5*k + 30. Suppose 2*j + 3*n - 35 = 0, 3*j - 17 = j + 3*n. Let v(y) = -4*y + 61. Let d be v(j). Calculate w(d).
-6
Let q(j) be the first derivative of -1/6*j**3 + 6 - 7*j - 2*j**2. Let i(k) be the first derivative of q(k). Give i(-3).
-1
Let m be 8 + 20/(-32) + 3/(-8). Let a(v) = 3 - 6*v + 2 + 4 - m. What is a(-2)?
14
Let g(u) = 2*u**2 - 5*u - 13. Let w be g(-2). Let j be -3 + 8*4 + -1. Suppose 2 = i + n + 4, w*i - 4*n = -j. Let s(o) = o**3 + 5*o**2 + 5*o + 5. Give s(i).
1
Suppose 453*p - 449*p = 68. Let r(n) = 3*n**2 - 45*n - 87. What is r(p)?
15
Let p(c) = 2*c**2. Let n be p(1). Let l(h) = 46*h + 6. Let y(x) = 8*x + 1. Let r(z) = l(z) - 5*y(z). What is r(n)?
13
Let t(s) = 3 + 61*s - 23*s - 13*s**2 - 30*s - 1. Let l(k) = 2*k**2 - k + 1. Let d(g) = -6*l(g) - t(g). Determine d(4).
0
Let b(z) = z**2 - 6*z + 1. Let u be 20/(-6)*(-12)/(-10). Let j(s) = 16*s**3 + s - 1. Let k be j(-1). Let r be 940/180 - u/k. What is b(r)?
-4
Let j(z) be the second derivative of 4*z**3/3 + z**2/2 + 112*z + 4. Let w be 4/4*0/(-1). Suppose w = -2*a - 0 - 2. Determine j(a).
-7
Let f(q) be the first derivative of 0*q - 1/2*q**2 - 1/24*q**4 - 1 - 1/2*q**3. Let t(y) be the second derivative of f(y). Calculate t(-4).
1
Let h(r) = -r - 16. Let i = 229 + -145. Suppose a + i = 5*a. Suppose -3*s + 0 = a. Determine h(s).
-9
Let d(t) = -12*t + 4. Suppose -6*z + 249 = 273. What is d(z)?
52
Suppose 0 = -5*z + 25, -104*z - 35 = -2*x - 109*z. Let m(v) = 15*v - 14. Let h(y) = -8*y + 7. Let f(a) = -11*h(a) - 6*m(a). Give f(x).
-3
Let b(q) be the second derivative of q**4/4 + 7*q**3/6 - 19*q**2/2 - 5299*q. Give b(2).
7
Let v(l) = -l**2 - 7*l + 8. Suppose -i = -6, 55*z + 12 = 60*z + 2*i. Give v(z).
8
Let c(f) = -4*f**2 + 26*f - 43. Let g(k) = 7*k**2 - 44*k + 70. Let q(a) = 5*c(a) + 3*g(a). Let r = -2 + 5. Calculate q(r).
-2
Let w(o) = -26*o - 71. Let n be (-1)/5 - 2489/655. Calculate w(n).
33
Let t(d) be the second derivative of -22*d**3/3 + 227*d**2/2 - 5*d + 717. Calculate t(5).
7
Let z(h) = -2*h + 5. Let d(b) = 2*b - 5. Let v(p) = -3*d(p) - 4*z(p). Suppose -5*t - 4*m - 17 = 0, -58*t - 19 = -53*t + 3*m. What is v(t)?
-15
Let v be ((-3)/(-2))/((2/4)/1). Let t(g) = 5*g**2 + g**2 - g**2 + 2*g + 16*g**v - 15*g**3 + 6. Give t(-5).
-4
Let z(p) = 20 - 19 + 26 + 3*p - 15. Let v be 49/(-8) - (66/48)/(-11). Give z(v).
-6
Let g = -6292 - -6294. Let w(s) = -s**2 + s. What is w(g)?
-2
Let t be 9*3/9 + (3 - 2). Suppose a + 2*j = 4*j + 5, -t*a + 50 = -2*j. Suppose 100*s = 105*s + a. Let b(n) = n**3 + 2*n**2 - 4*n - 1. Calculate b(s).
2
Let i = -134 + 137. Let q(t) = -9*t + 2*t**3 + 19*t + 0*t - 7*t + i*t**2. Give q(-2).
-10
Let s(z) be the first derivative of -1/6*z**3 + 26 - 1/20*z**5 - 12*z**2 + 0*z**4 - 23*z. Let a(f) be the first derivative of s(f). What is a(0)?
-24
Let k = 15980 - 15994. Let t(f) = -f**3 - 13*f**2 + 19*f + 71. What is t(k)?
1
Let v = 215 - 212. Let n(i) = 79 + i**v + 0*i**3 - 2*i - 80 + 0*i**2 + 2*i**2. Give n(-2).
3
Let f(n) = n**2 - 12*n - 13. Suppose -l + 6*i + 17 = 3*i, 3*i + 27 = 3*l. Let m be ((-1960)/(-32))/l + (-2)/8. What is f(m)?
-13
Suppose 0 = 4*g - 3*z - 2, -4*g + 0*z + 18 = 5*z. Suppose -g*j = -10 - 2. Let d(o) = 8 + j*o - 6*o**2 + 7*o**2 + o. Calculate d(-6).
2
Let p(f) be the third derivative of f**5/60 - f**4/24 + 4*f**3 + 27*f**2 - 3*f. What is p(0)?
24
Let m(j) = -5*j**3 + 65*j**2 + 135*j - 173. Let l(w) = 4*w**3 - 65*w**2 - 133*w + 177. Let s(z) = -6*l(z) - 5*m(z). Calculate s(-63).
-8
Let m(x) = -10*x - 1. Let p(o) = -21*o - 15. Let j(z) = -2*m(z) + p(z). Calculate j(-8).
-5
Let o(n) = n**2 - 9*n - 36. Let a be ((-18)/63)/((-62)/2170). What is o(a)?
-26
Let r be 2438/318 + -1 + (-2)/(-6). Let h(b) = -b**3 + 5*b**2 - 5*b - 9. Let t(m) = -3*m**3 + 16*m**2 - 15*m - 26. Let c(z) = 8*h(z) - 3*t(z). Determine c(r).
-8
Let t(w) = -w**2 + 2*w + 39. Suppose -462 - 385 = -121*i. Calculate t(i).
4
Let f(n) = 7*n + 18. Let p(u) = -4*u - 11. Let t(m) = -2*f(m) - 5*p(m). Determine t(-8).
-29
Let h = 2227/1482 - 330/247. Let x